{"id":185,"date":"2014-01-10T13:00:36","date_gmt":"2014-01-10T13:00:36","guid":{"rendered":"http:\/\/www.ddicpdnz.hr\/?page_id=185"},"modified":"2014-01-10T13:01:22","modified_gmt":"2014-01-10T13:01:22","slug":"svjetski-dan-cerebralne-paralize","status":"publish","type":"page","link":"http:\/\/www.ddicpdnz.hr\/?page_id=185","title":{"rendered":"Svjetski dan cerebralne paralize"},"content":{"rendered":"<p style=\"text-align: center; font-size: xx-large;\" align=\"center\"><span style=\"color: #538135;\"><b><img loading=\"lazy\" class=\" wp-image-175 aligncenter\" alt=\"\" src=\"http:\/\/www.ddicpdnz.hr\/wp-content\/uploads\/2013\/09\/Svjetski-dan-cerebralne-paralize11.jpg\" width=\"900\" height=\"306\" srcset=\"http:\/\/www.ddicpdnz.hr\/wp-content\/uploads\/2013\/09\/Svjetski-dan-cerebralne-paralize11.jpg 750w, http:\/\/www.ddicpdnz.hr\/wp-content\/uploads\/2013\/09\/Svjetski-dan-cerebralne-paralize11-300x102.jpg 300w, http:\/\/www.ddicpdnz.hr\/wp-content\/uploads\/2013\/09\/Svjetski-dan-cerebralne-paralize11-624x212.jpg 624w\" sizes=\"(max-width: 900px) 100vw, 900px\" \/>Svjetski dan cerebralne paralize<\/b><\/span><\/p>\n<p style=\"text-align: center;\" align=\"center\"><span style=\"color: #bf8f00;\"><b>2. listopad 2013.<\/b><\/span><\/p>\n<p style=\"text-align: justify;\">Hrvatski savez udruga cerebralne i dje\u010dje paralize poziva sve gra\u0111ane da se pridru\u017ee obilje\u017eavanju Svjetskog dana cerebralne paralize, koji se ove godine obilje\u017eava 2. listopada pod motom<\/p>\n<p style=\"text-align: center;\" align=\"center\"><span style=\"color: #538135;\"><b>\u201ePromijeni moj svijet u jednoj minuti\u201c<\/b><\/span><\/p>\n<p style=\"text-align: justify;\"><span style=\"line-height: 1.714285714; font-size: 1rem;\">Svjetski dan cerebralne paralize je globalni projekt inovacija kako bi promijenili svijet ljudima koji \u017eive s cerebralnom paralizom i njihovim obiteljima.<\/span><\/p>\n<p style=\"text-align: justify;\">Osmi\u0161ljen je kako bi se prikupile ideje od ljudi \u0161irom svijeta, a najbolje ideje kako bi se realizirale u stvarnosti.<\/p>\n<p style=\"text-align: justify;\"><span style=\"line-height: 1.714285714; font-size: 1rem;\">Podsje\u0107amo 2012. godine Hrvatski savez udruga cerebralne i dje\u010dje paralize uklju\u010dio se u tu vrijednu kampanju globalnih razmjera, prepoznav\u0161i u njoj na\u010din da se na inovativan i kreativan na\u010din pomogne osobama s cerebralnom paralizom.<\/span><\/p>\n<p style=\"text-align: justify;\">Bilo je to prvi put da su se organizacije osoba s cerebralnom paralizom iz \u010ditavog svijeta okupile u zajedni\u010dkoj inicijativi informiranja i osvje\u0161tavanja javnosti o cerebralnoj paralizi, kao naj\u010de\u0161\u0107em obliku tjelesnog invaliditeta. 17 milijuna ljudi diljem svijeta ima cerebralnu paralizu, a barem 35 milijuna ljudi vrlo je blisko povezano s djetetom ili odraslom osobom koja ima cerebralnu paralizu. Prijavljeno je vi\u0161e od 470 ideja od kojih su najbolje pretvorene u konkretne proizvode \u010dija svrha je olak\u0161avanje svakodnevnog \u017eivljenja osoba s cerebralnom paralizom.<\/p>\n<p style=\"text-align: justify;\">Nakon kampanje \u201cPromijeni moj svijet u 1 minuti\u201d provedene povodom Svjetskog dana cerebralne paralize, napravljen je odabir pristiglih prijedloga. Na stranici <a href=\"http:\/\/www.worldcpday.org\/\" target=\"_blank\">www.worldcpday.com<\/a> mo\u017eete pogledati sve pristigle prijedloge te rezultate glasanja. Najvi\u0161e glasova dobio je prijedlog izrade vodonepropusnih komandi i baterija za elektromotorna kolica. Predlo\u017eio ga je Neo Kah Whye iz Singapura, a potakla ga je nemogu\u0107nost kori\u0161tenja elektromotornih kolica u ki\u0161nim periodima koji su karakteristi\u010dni za to podneblje. Glavna nagrada u iznosu od 20.000,00 USA dolara dodijeljena je talentiranom timu sa Sveu\u010dili\u0161ta u Virginiji (SAD), koja je razvila solarni pogon za kolica s uvla\u010denjem panela. Drugi prijedlog prema odabiru posjetitelja web stranice je snimanje dokumentarnog filma<b> <\/b>\u201cCerebralna paraliza u 21. stolje\u0107u\u201d, a tre\u0107i izrada kolica na solarni pogon. Dodijeljeno je i 5 po\u010dasnih nagrada u domeni dokumentarnih filmova o cerebralnoj paralizi koji su dirnuli srca svih koji su ih vidjeli.<\/p>\n<p style=\"text-align: justify;\">2012. godine, 40 organizacija osoba s cerebralnom paralizom iz 28 zemalja pridru\u017eio se obilje\u017eavanju Svjetskog dana cerebralne paralize.<\/p>\n<p style=\"text-align: justify;\"><span style=\"line-height: 1.714285714; font-size: 1rem;\">Ove godine, \u017eelja je posti\u0107i cilj da 70 organizacija iz 45 zemalja, bude dio ovog uzbudljivog globalnog doga\u0111aja.<\/span><\/p>\n<p style=\"text-align: justify;\">Pozivamo sve osobe s cerebralnom paralizom ili su na bilo koji na\u010din povezani s osobom s cerebralnom paralizom da razmisle o isku\u0161enjima s kojima se suo\u010davaju u svakodnevnom \u017eivljenju, te da daju konkretne ideje za njihovo rje\u0161avanje.<\/p>\n<p style=\"text-align: justify;\">Hrvatski savez udruga cerebralne i dje\u010dje paralize \u00a0poziva sudionike kampanje \u00bbPromijeni moj svijet u 1 minuti\u00ab da svoje ideje iznesu na slu\u017ebenoj web stranici kampanje <a href=\"http:\/\/www.worldcpday.org\" target=\"_blank\">www.worldcpday.org<\/a>.<\/p>\n<p style=\"text-align: justify;\"><span style=\"line-height: 1.714285714; font-size: 1rem;\">Kampanjom se \u017eele povezati osobe s cerebralnom paralizom, njihove obitelji s raznim aktivistima, istra\u017eiva\u010dima, izumiteljima i inovatorima kako bi predlo\u017eene ideje postale stvarnost. Predlo\u017eene ideje u obliku videa ili teksta mogu trajati najvi\u0161e 1 minutu, a glasati se mo\u017ee do 31. 10. 2013. godine. Ideje koje imaju najve\u0107i utjecaj na \u017eivot osoba s cerebralnom paralizom koje se prijavljuju i za koje se mo\u017ee glasati mogu se pogledati na slu\u017ebenoj stranici <\/span><a style=\"line-height: 1.714285714; font-size: 1rem;\" href=\"http:\/\/www.worldcpday.org\/\" target=\"_blank\">www.worldcpday.org<\/a><span style=\"line-height: 1.714285714; font-size: 1rem;\">.<\/span><\/p>\n<p style=\"text-align: justify;\">Nagrada za ideju koja dobije najvi\u0161e glasova je 500 USA dolara. Tijekom mjeseca studenog i prosinca 2013. godine me\u0111unarodno povjerenstvo odabrat \u0107e 3 najbolje ideje koje \u0107e potom tijekom sije\u010dnja do lipnja 2014. g. biti ponu\u0111ene inovatorima da ih pretvore u konkretne proizvode. Pobjednik osvaja\u00a050,000 USA dolara.<\/p>\n<p style=\"text-align: justify;\">Svoju inovativnu ideju je potrebno objaviti na web stranici u obliku video zapisa ili teksta do 31. listopada 2013.\u00a0 u trajanju do 1 minute.<\/p>\n<p style=\"text-align: justify;\">Aktualnosti se mogu pratiti i preko <a href=\"http:\/\/www.facebook.com\/worldCPday\" target=\"_blank\">www.facebook.com\/worldCPday<\/a> i <a href=\"https:\/\/twitter.com\/WorldCPDay\" target=\"_blank\">twitter.com\/WorldCPDay<\/a>.<\/p>\n<p style=\"text-align: justify;\">Na stranici World Cerebral Palsy Day tako\u0111er mo\u017eete na\u0107i ve\u0107 objavljene ideje koje tra\u017ee inovativno rje\u0161enje <a href=\"http:\/\/www.worldcpday.org\/\" target=\"_blank\">http:\/\/www.worldcpday.org\/<\/a><\/p>\n<p style=\"text-align: justify;\"><span style=\"line-height: 1.714285714; font-size: 1rem;\">Pozivamo sve udruge koje okupljaju osobe s cerebralnom paralizom, institucije koje skrbe o njima te medije da se uklju\u010de u obilje\u017eavanje Svjetskog dana cerebralne paralize 2013. i kroz svoje resurse pomognu u obilje\u017eavanju tog dana.<\/span><\/p>\n<p style=\"text-align: justify;\">Dodajte svoju poruku, slike i\u00a0 logotip udruge, te prigodan tekst koji pokazuje kako va\u0161a udruga sudjeluje u ovoj globalnoj kampanji za osobe s cerebralnom paralizom.<\/p>\n<p style=\"text-align: justify;\">Svaka organizacija koja se uklju\u010di bit \u0107e vidljiva na dru\u0161tvenim mre\u017eama, a logotip \u0107e se prikazivati na web stranici Svjetskog dana CP zajedno s linkom za svaku prijavljenu organizaciju.<\/p>\n<p style=\"text-align: justify;\"><span style=\"line-height: 1.714285714; font-size: 1rem;\">Vi\u0161e informacija: <\/span><a style=\"line-height: 1.714285714; font-size: 1rem;\" href=\"http:\/\/www.worldcpday.org\/\" target=\"_blank\">www.worldcpday.org<\/a>\u00a0<span style=\"line-height: 1.714285714; font-size: 1rem;\">, <a href=\"http:\/\/www.hsucdp.hr\" target=\"_blank\">www.hsucdp.hr<\/a><\/span><\/p>\n<p style=\"text-align: justify;\">Kako je to bilo pro\u0161le godine pogledajte ovdje <a href=\"http:\/\/www.hsucdp.hr\/world-cp-day-2012\/\" target=\"_blank\">http:\/\/www.hsucdp.hr\/world-cp-day-2012\/<\/a><\/p>\n<p><span style=\"line-height: 1.714285714; font-size: 1rem;\"><br \/>\n<img loading=\"lazy\" class=\" wp-image-167 alignnone\" alt=\"\" src=\"http:\/\/www.ddicpdnz.hr\/wp-content\/uploads\/2013\/09\/Svjetski-dan-cerebralne-paralize2-300x142.jpg\" width=\"211\" height=\"100\" srcset=\"http:\/\/www.ddicpdnz.hr\/wp-content\/uploads\/2013\/09\/Svjetski-dan-cerebralne-paralize2-300x142.jpg 300w, http:\/\/www.ddicpdnz.hr\/wp-content\/uploads\/2013\/09\/Svjetski-dan-cerebralne-paralize2.jpg 303w\" sizes=\"(max-width: 211px) 100vw, 211px\" \/>\u00a0<img loading=\"lazy\" class=\"wp-image-168 alignnone\" alt=\"\" src=\"http:\/\/www.ddicpdnz.hr\/wp-content\/uploads\/2013\/09\/Svjetski-dan-cerebralne-paralize3.jpg\" width=\"111\" height=\"100\" \/>\u00a0<\/span><\/p>\n<p><span style=\"color: #bf8f00;\"><b>Jeste li znali: <\/b><\/span><\/p>\n<p><b style=\"color: #bf8f00; line-height: 1.714285714; font-size: 1rem;\">Osobe s cerebralnom paralizom<\/b><\/p>\n<p><b style=\"color: #538135; line-height: 1.714285714; font-size: 1rem;\">1 od 3 ne mo\u017ee hodati<\/b><br \/>\n<span style=\"color: #538135;\"><b>1 od 4 ne mo\u017ee govoriti<\/b><\/span><br \/>\n<span style=\"color: #538135;\"><b>3 od 4 do\u017eivljava bol<\/b><\/span><br \/>\n<span style=\"color: #538135;\"><b>1 od 4 ima epilepsiju<\/b><\/span><br \/>\n<span style=\"color: #538135;\"><b>1 od 4 ima poreme\u0107aj u pona\u0161anju<\/b><\/span><br \/>\n<span style=\"color: #538135;\"><b>1 od 5 ima problem kontrole salivacije <\/b><\/span><br \/>\n<span style=\"color: #538135;\"><b>1 od 5 ima poreme\u0107aj spavanja<\/b><\/span><br \/>\n<span style=\"color: #538135;\"><b>1 od 4 ima problem kontrole mjehura<\/b><\/span><br \/>\n<span style=\"color: #538135;\"><b>1 od 10 ima ozbiljno o\u0161te\u0107enje vida<\/b><\/span><br \/>\n<span style=\"color: #538135;\"><b>1 od 2 ima intelektualna o\u0161te\u0107enja<\/b><\/span><\/p>\n","protected":false},"excerpt":{"rendered":"<p>Svjetski dan cerebralne paralize 2. listopad 2013. Hrvatski savez udruga cerebralne i dje\u010dje paralize poziva sve gra\u0111ane da se pridru\u017ee obilje\u017eavanju Svjetskog dana cerebralne paralize, koji se ove godine obilje\u017eava 2. listopada pod motom \u201ePromijeni moj svijet u jednoj minuti\u201c Svjetski dan cerebralne paralize je globalni projekt inovacija kako bi promijenili svijet ljudima koji \u017eive [&hellip;]<\/p>\n","protected":false},"author":1,"featured_media":0,"parent":160,"menu_order":0,"comment_status":"closed","ping_status":"open","template":"page-templates\/front-page.php","meta":[],"_links":{"self":[{"href":"http:\/\/www.ddicpdnz.hr\/index.php?rest_route=\/wp\/v2\/pages\/185"}],"collection":[{"href":"http:\/\/www.ddicpdnz.hr\/index.php?rest_route=\/wp\/v2\/pages"}],"about":[{"href":"http:\/\/www.ddicpdnz.hr\/index.php?rest_route=\/wp\/v2\/types\/page"}],"author":[{"embeddable":true,"href":"http:\/\/www.ddicpdnz.hr\/index.php?rest_route=\/wp\/v2\/users\/1"}],"replies":[{"embeddable":true,"href":"http:\/\/www.ddicpdnz.hr\/index.php?rest_route=%2Fwp%2Fv2%2Fcomments&post=185"}],"version-history":[{"count":1,"href":"http:\/\/www.ddicpdnz.hr\/index.php?rest_route=\/wp\/v2\/pages\/185\/revisions"}],"predecessor-version":[{"id":186,"href":"http:\/\/www.ddicpdnz.hr\/index.php?rest_route=\/wp\/v2\/pages\/185\/revisions\/186"}],"up":[{"embeddable":true,"href":"http:\/\/www.ddicpdnz.hr\/index.php?rest_route=\/wp\/v2\/pages\/160"}],"wp:attachment":[{"href":"http:\/\/www.ddicpdnz.hr\/index.php?rest_route=%2Fwp%2Fv2%2Fmedia&parent=185"}],"curies":[{"name":"wp","href":"https:\/\/api.w.org\/{rel}","templated":true}]}}